the hundreds digit of 999?
9
What is the tens digit of 186?
8
What is the units digit of 40129?
9
What is the hundreds digit of 15326?
3
What is the thousands digit of 4864?
4
What is the thousands digit of 146343?
6
What is the units digit of 1379?
9
What is the tens digit of 1443?
4
What is the hundreds digit of 499?
4
What is the tens digit of 2364?
6
What is the tens digit of 1540?
4
What is the thousands digit of 32201?
2
What is the hundreds digit of 209?
2
What is the hundreds digit of 1857?
8
What is the tens digit of 3708?
0
What is the thousands digit of 13332?
3
What is the units digit of 682?
2
What is the units digit of 2957?
7
What is the hundreds digit of 1732?
7
What is the hundreds digit of 3381?
3
What is the units digit of 34920?
0
What is the units digit of 1952?
2
What is the hundreds digit of 4321?
3
What is the tens digit of 2456?
5
What is the hundreds digit of 7577?
5
What is the units digit of 789?
9
What is the tens digit of 5169?
6
What is the units digit of 87?
7
What is the thousands digit of 5147?
5
What is the ten thousands digit of 14685?
1
What is the hundreds digit of 913?
9
What is the tens digit of 48?
4
What is the hundreds digit of 857?
8
What is the thousands digit of 36895?
6
What is the units digit of 50628?
8
What is the units digit of 181502?
2
What is the units digit of 1097?
7
What is the thousands digit of 11375?
1
What is the thousands digit of 49309?
9
What is the tens digit of 917?
1
What is the thousands digit of 17072?
7
What is the hundreds digit of 1376?
3
What is the units digit of 41429?
9
What is the units digit of 3116?
6
What is the tens digit of 32768?
6
What is the hundreds digit of 150?
1
What is the hundreds digit of 12213?
2
What is the hundreds digit of 19688?
6
What is the units digit of 31167?
7
What is the hundreds digit of 330?
3
What is the hundreds digit of 5637?
6
What is the units digit of 1553?
3
What is the hundreds digit of 61873?
8
What is the tens digit of 582?
8
What is the thousands digit of 42694?
2
What is the tens digit of 2020?
2
What is the thousands digit of 17263?
7
What is the thousands digit of 3254?
3
What is the units digit of 1266?
6
What is the units digit of 2371?
1
What is the tens digit of 8979?
7
What is the hundreds digit of 36157?
1
What is the hundreds digit of 329?
3
What is the tens digit of 146942?
4
What is the units digit of 40?
0
What is the tens digit of 5860?
6
What is the tens digit of 82331?
3
What is the hundreds digit of 5980?
9
What is the thousands digit of 36978?
6
What is the hundreds digit of 1520?
5
What is the thousands digit of 1745?
1
What is the tens digit of 2277?
7
What is the tens digit of 333?
3
What is the thousands digit of 1844?
1
What is the hundreds digit of 8629?
6
What is the tens digit of 2676?
7
What is the ten thousands digit of 12253?
1
What is the ten thousands digit of 11844?
1
What is the units digit of 1281?
1
What is the units digit of 321?
1
What is the tens digit of 74?
7
What is the thousands digit of 12594?
2
What is the hundreds digit of 2336?
3
What is the hundreds digit of 1167?
1
What is the units digit of 744?
4
What is the hundreds digit of 588?
5
What is the tens digit of 26980?
8
What is the tens digit of 9166?
6
What is the hundreds digit of 3974?
9
What is the hundreds digit of 3081?
0
What is the hundreds digit of 8795?
7
What is the units digit of 1131?
1
What is the thousands digit of 3971?
3
What is the tens digit of 802?
0
What is the hundreds digit of 78351?
3
What is the tens digit of 103923?
2
What is the units digit of 465?
5
What is the hundreds digit of 3012?
0
What is the units digit of 25992?
2
What is the hundred thousands digit of 111154?
1
What is the tens digit of 31158?
5
What is the units digit of 1485?
5
What is the units digit of 2349?
9
What is the thousands digit of 102800?
2
What is the thousands digit of 7296?
7
What is the tens digit of 2321?
2
What is the hundreds digit of 1052?
0
What is the units digit of 13072?
2
What is the tens digit of 23028?
2
What is the units digit of 35390?
0
What is the units digit of 899?
9
What is the tens digit of 1330?
3
What is the units digit of 865?
5
What is the units digit of 11360?
0
What is the thousands digit of 2738?
2
What is the tens digit of 83929?
2
What is the units digit of 1009?
9
What is the tens digit of 22996?
9
What is the units digit of 4530?
0
What is the tens digit of 36464?
6
What is the ten thousands digit of 11040?
1
What is the thousands digit of 1146?
1
What is the tens digit of 22934?
3
What is the hundreds digit of 19575?
5
What is the units digit of 24373?
3
What is the tens digit of 1985?
8
What is the units digit of 793?
3
What is the units digit of 4315?
5
What is the hundreds digit of 2122?
1
What is the tens digit of 12579?
7
What is the tens digit of 52446?
4
What is the ten thousands digit of 12677?
1
What is the tens digit of 410?
1
What is the units digit of 194549?
9
What is the units digit of 58667?
7
What is the units digit of 4881?
1
What is the thousands digit of 30314?
0
What is the thousands digit of 6995?
6
What is the units digit of 29505?
5
What is the units digit of 807?
7
What is the units digit of 3067?
7
What is the hundreds digit of 23652?
6
What is the thousands digit of 10337?
0
What is the units digit of 118237?
7
What is the thousands digit of 29667?
9
What is the hundreds digit of 1403?
4
What is the thousands digit of 3421?
3
What is the units digit of 799?
9
What is the ten thousands digit of 53875?
5
What is the ten thousands digit of 15065?
1
What is the hundreds digit of 175?
1
What is the units digit of 1381?
1
What is the thousands digit of 13711?
3
What is the units digit of 976?
6
What is the hundreds digit of 178?
1
What is the tens digit of 7614?
1
What is the tens digit of 2617?
1
What is the units digit of 1136?
6
What is the tens digit of 6139?
3
What is the units digit of 191215?
5
What is the hundreds digit of 370?
3
What is the units digit of 11734?
4
What is the hundreds digit of 9184?
1
What is the thousands digit of 3166?
3
What is the ten thousands digit of 11024?
1
What is the units digit of 5482?
2
What is the hundreds digit of 55909?
9
What is the units digit of 232?
2
What is the tens digit of 28501?
0
What is the units digit of 11490?
0
What is the tens digit of 6623?
2
What is the hundreds digit of 3375?
3
What is the ten thousands digit of 14900?
1
What is the tens digit of 51926?
2
What is the hundreds digit of 85806?
8
What is the tens digit of 1824?
2
What is the thousands digit of 12854?
2
What is the tens digit of 13589?
8
What is the thousands digit of 17886?
7
What is the thousands digit of 1239?
1
What is the hundreds digit of 2431?
4
What is the ten thousands digit of 33786?
3
What is the units digit of 82688?
8
What is the tens digit of 948?
4
What is the tens digit of 1897?
9
What is the thousands digit of 42933?
2
What is the units digit of 402?
2
What is the units digit of 4423?
3
What is the ten thousands digit of 11411?
1
What is the hundreds digit of 104280?
2
What is the tens digit of 505?
0
What is the ten thousands digit of 16068?
1
What is the hundreds digit of 2512?
5
What is the hundreds digit of 4286?
2
What is the tens digit of 26783?
8
What is the tens digit of 2226?
2
What is the thousands digit of 1356?
1
What is the tens digit of 508?
0
What is the thousands digit of 8524?
8
What is the hundreds digit of 1824?
8
What is the tens digit of 7052?
5
What is the thousands digit of 23945?
3
What is the thousands digit of 8060?
8
What is the units digit of 1983?
3
What is the units digit of 4447?
7
What is the units digit of 65276?
6
What is the units digit of 4029?
9
What is the hundreds digit of 135335?
3
What is the tens digit of 1279?
7
What is the tens digit of 160070?
7
What is the tens digit of 75300?
0
What is the tens digit of 165?
6
What is the units digit of 75919?
9
What is the hundreds digit of 1642?
6
What is the hundreds digit of 90373?
3
What is the hundreds digit of 77617?
6
What is the units digit of 104126?
6
What is the thousands digit of 3933?
3
What is the thousands digit of 5612?
5
What is the units digit of 93093?
3
What is the tens digit of 20951?
5
What is the tens digit of 353?
5
What is the th